ate the greatest common divisor of 28 and a.
14
Let s(h) = h**2 + 2*h + 7. Let q be s(7). Calculate the greatest common factor of q and 7.
7
Let b = 456 - 267. What is the highest common factor of 21 and b?
21
Suppose 0*h + 205 = -5*h - 5*b, -4*b = h + 29. Let t be 1174/10 - (-18)/h. Calculate the highest common factor of t and 13.
13
Suppose 5*i - 670 = -35. Let d = -79 + i. Let p(o) = -7*o**3 + o**2 - o - 1. Let v be p(-1). What is the highest common divisor of d and v?
8
Let t be (-4 + (-3 - -6))*5. Let n be 1/t - 304/(-20). Let p be ((-12)/(-20))/(1/n). What is the greatest common factor of 27 and p?
9
Let d be 9/6*(-584)/(-12). Suppose -2*o + 4*f = -5*o + 31, -5*o = -4*f - d. What is the highest common divisor of 91 and o?
13
Let q be ((-3)/6)/((-1)/6). Let h(a) = 0*a**q - a**3 + 3*a - a**2 + 0*a**3 + 7*a**2. Let x be h(6). What is the highest common divisor of x and 6?
6
Let t = 20 - 11. Calculate the greatest common factor of t and 81.
9
Let s(a) = a**3 - 8*a**2 + 7*a + 10. Let z be s(7). Calculate the highest common divisor of z and 15.
5
Let l(x) = 3 - x**3 - 7*x**2 + 0 + 1 - x**2 + 12*x. Let g be l(-10). What is the highest common divisor of 12 and g?
12
Let o(b) = -8*b - 11. Suppose 3*y + 25 + 11 = 0. Let t be o(y). What is the greatest common divisor of 17 and t?
17
Let x = 3 - 0. Suppose 73 = -x*r - 3*w + 250, 183 = 3*r + 5*w. What is the greatest common factor of 8 and r?
8
Suppose 0 = -16*d + 11*d + 355. Let y = d - -13. Calculate the highest common divisor of y and 56.
28
Let z = -14 + 28. What is the greatest common factor of z and 112?
14
Suppose 0 = 2*f - 3*r - 7, -5*f - 2*r - 3*r + 55 = 0. Calculate the highest common divisor of f and 4.
4
Suppose -5*l - 1 = -16. Suppose 0 = -5*q - 5*i - 15, l*q - 18 + 7 = i. Calculate the highest common divisor of 18 and q.
2
Let x(c) = 3*c + 3. Let h = 12 - 20. Let s(o) = -o**2 - 10*o - 9. Let f be s(h). Let a be x(f). What is the highest common divisor of a and 3?
3
Let s(t) = -2*t**2 - 2*t**2 + 5*t**2 + 12 + 9*t. Let y be s(-8). What is the highest common divisor of 20 and y?
4
Suppose -2*k - 5*t + 154 = 0, -4*k + 2*t = -124 - 160. Suppose 0 = -2*i - i + k. Suppose 36 = -4*y + 180. Calculate the greatest common divisor of y and i.
12
Let j = 16 + -8. Let w be 3 - (6*-1 + 3). Let r = 18 - w. What is the greatest common factor of j and r?
4
Let b(s) = -s**3 + 8*s**2 + 7*s + 9. Let u be b(9). Let f = 16 - u. Calculate the highest common factor of f and 10.
5
Let w(d) = -d**3 - d**2 - 2. Let v be w(-2). Let f = -30 + 32. Suppose 2*q - 68 = -3*o, 2*o = -f*o - v*q + 88. What is the greatest common factor of o and 8?
4
Suppose -3*h - 24 = -4*h. Let c be 4/16 + 478/8. Calculate the highest common factor of c and h.
12
Let y be 2*(-3)/3 + 4. Suppose -y*k + k = -6. Calculate the greatest common factor of 18 and k.
6
Let q(z) = 9*z + 12. Suppose 0 = 4*u - 0*u - 48. Let w be q(u). Calculate the greatest common divisor of 15 and w.
15
Let o = 24 - 13. Suppose -5 = 3*h - 2*h. Let z be (-4)/(-10) + (-273)/h. Calculate the highest common factor of z and o.
11
Suppose -7 = h - 0*a + 2*a, 4*a = 3*h - 29. Let o = 68 + -56. Calculate the highest common divisor of h and o.
3
Let y be (-18684)/(-3) + 1 + 2. Let h be y/21 - (-4)/14. Suppose -h = -4*q + q. What is the highest common factor of q and 9?
9
Let t(k) = k**3 - 4*k**2 + 5*k - 5. Suppose -3*a + 35 = 5*q, -2*q + 4*a - a = 7. Let x be t(q). What is the greatest common divisor of x and 3?
3
Suppose -7 - 13 = -5*f. Suppose 2*t + 4*b = 50, 0 = t - f*b + b - 20. What is the highest common factor of 138 and t?
23
Let m(a) be the second derivative of -a**3/2 - 2*a. Let v be m(1). Let h = v - -4. What is the greatest common factor of 1 and h?
1
Let m = 468 - 723. Let k = -165 - m. Calculate the greatest common factor of k and 10.
10
Let d = 7 - -31. Calculate the highest common divisor of 418 and d.
38
Let j be 2817/27 - -5 - 2/(-3). Calculate the highest common factor of j and 10.
10
Let y = 21 - -1. What is the greatest common divisor of 22 and y?
22
Suppose 68*o = 63*o + 270. Calculate the highest common divisor of o and 81.
27
Suppose -5*v - 2*t = -5, -v + 3*t + 5 = 4*v. Suppose -5*o = -0*o - 5. What is the highest common divisor of v and o?
1
Suppose t = -2*t - 9. Let w be (t/9)/(1/(-12)). Suppose -31 = -w*j + 13. What is the greatest common divisor of j and 77?
11
Let a = -108 - -131. What is the greatest common divisor of 69 and a?
23
Let s = 10 + -15. Let w(h) = 2*h - 3. Let j be w(s). Let f = j + 28. Calculate the greatest common factor of f and 5.
5
Let x be ((0 + -1)*-3)/(-1). Let z be (-14)/(-3) - 1/x. Suppose -2*j + 2*w = -22, -4*j - 1 = -w - 42. What is the greatest common factor of j and z?
5
Let d(q) = 34*q + 3. Let l be d(3). Let j = -90 + 63. Let r = j - -48. Calculate the highest common divisor of r and l.
21
Suppose -4*w - 3*f = -2 + 3, -5*w + 4*f = -22. Suppose 2*h = -6*q + 3*q + 432, 3*h = w*q - 288. Calculate the highest common factor of q and 18.
18
Let k = -30 - -40. Calculate the highest common divisor of 10 and k.
10
Let a(t) = 5*t**3 + 8*t**2 + 2*t - 5. Let x(j) = j**2 - 1. Let s(d) = -a(d) + 6*x(d). Let i be s(-1). Calculate the highest common factor of i and 20.
4
Suppose o + 4*o + 2*i = 45, -4*o + 36 = -3*i. Let q(c) = -50*c - 1. Let z be q(-2). Calculate the greatest common factor of z and o.
9
Let h = 106 - 26. Calculate the greatest common factor of 32 and h.
16
Suppose 4*c + 10 = -2. Let w be (1 + c/1)/(-2). Calculate the highest common factor of w and 5.
1
Let g(n) = -30*n**3 + 3. Let c be g(-2). What is the greatest common divisor of c and 27?
27
Let j(f) = -34*f + 6. Let u = -18 - -15. Let r be j(u). Calculate the highest common divisor of 27 and r.
27
Let y be 15 + 1 + -2 + 2. Suppose -y = -g + 6*g + 3*c, -c = -g. Let s be 1*g - (-14 - 0). What is the highest common factor of s and 132?
12
Let d be (-16)/20*1*-25. What is the greatest common factor of 100 and d?
20
Suppose 0 = -2*o - 8 - 4. Let i(n) be the first derivative of -n**3/3 - 3*n**2 + 5*n - 13. Let q be i(o). Calculate the highest common divisor of q and 15.
5
Let s = -111 + 131. Calculate the greatest common factor of 50 and s.
10
Let y = -88 - -100. What is the highest common factor of 168 and y?
12
Suppose 73 = 2*y + 4*x - 7*x, 25 = 5*x. Suppose -4*i - y = -240. Suppose -2*a = -3*f - i + 339, -3 = 3*a. What is the greatest common divisor of f and 12?
12
Let q = -24 - -43. Calculate the highest common factor of 171 and q.
19
Let y be 4188/16 - (-1)/4. Let b = y + -108. What is the greatest common factor of 14 and b?
14
Let h = 36 - 12. What is the highest common factor of 60 and h?
12
Let r(i) = 10*i - 13. Let o be r(9). Calculate the highest common divisor of o and 7.
7
Let q = 9 - -30. What is the greatest common divisor of q and 26?
13
Suppose 2*i + 138 = k + k, k + 3*i = 73. Let o = 5 + -2. Let m be 12/o*7*1. What is the greatest common factor of m and k?
14
Suppose -3*i + v - 6 = 4*v, -3*i - 2*v - 3 = 0. Let d be (i*-2 - -23) + 1. Suppose -6 = 4*y - d. What is the greatest common factor of 12 and y?
4
Let n = -105 - -189. Let p(y) be the second derivative of -y**4/12 - 7*y**3/6 + 3*y**2 - 2*y. Let s be p(-6). What is the greatest common factor of s and n?
12
Suppose 3*g + 18 = 5*g. What is the greatest common divisor of 36 and g?
9
Let m(o) = 50*o. Let y be m(2). Let d be 38 + 2/(-3)*-3. What is the highest common factor of y and d?
20
Let s(a) = 2*a**2 - 13*a + 7. Let i be s(6). What is the greatest common factor of 1 and i?
1
Let f = 91 - 80. Calculate the greatest common factor of f and 1.
1
Suppose 0 = -2*d - 2*g + g + 131, -d = -5*g - 71. Suppose 40 + d = 3*n - 5*t, -3*t = -2*n + 72. What is the greatest common divisor of n and 21?
21
Suppose 4*g = 2*b + 3*g - 188, 2*b + 2*g - 200 = 0. Let k = -48 + b. What is the highest common factor of k and 32?
16
Let v(p) = -p**3 + 23*p**2 + 25*p + 3. Let k be v(24). What is the greatest common factor of k and 3?
3
Suppose -102 = -2*y + 96. Calculate the greatest common factor of 11 and y.
11
Suppose 0*p - 125 = -5*p. Suppose h - 3*z + p = 3*h, 5*h = -z + 43. What is the highest common factor of h and 8?
8
Suppose -3*n = -30 - 36. Let b = 16 - n. Let k(i) = -6*i. Let u be k(b). What is the greatest common d